{"id":3,"date":"2020-04-27T10:47:00","date_gmt":"2020-04-27T10:47:00","guid":{"rendered":"http:\/\/carpinteriacarloscagigas.com\/?page_id=3"},"modified":"2020-05-14T18:58:47","modified_gmt":"2020-05-14T18:58:47","slug":"politica-privacidad","status":"publish","type":"page","link":"https:\/\/www.carpinteriacarloscagigas.com\/?page_id=3","title":{"rendered":"."},"content":{"rendered":"\n<h2 class=\"wp-block-heading\">Pol\u00edtica de privacidad<\/h2>\n\n\n\n<p><\/p>\n\n\n\n<p><strong>1. INFORMACI\u00d3N AL USUARIO<\/strong><\/p>\n\n\n\n<p><strong>CARPINTER\u00cdA CARLOS CAGIGAS, S.L<\/strong>, en adelante RESPONSABLE, es el Responsable del tratamiento&nbsp;de los datos personales del Usuario y le informa que estos datos ser\u00e1n tratados de conformidad con lo&nbsp;dispuesto en el Reglamento (UE) 2016\/679 de 27 de abril (GDPR) y la Ley Org\u00e1nica 3\/2018 de 5 de&nbsp;diciembre (LOPDGDD), por lo que se le facilita la siguiente informaci\u00f3n del tratamiento:<\/p>\n\n\n\n<p><strong>Fin del tratamiento:<\/strong>&nbsp;mantener una relaci\u00f3n comercial con el Usuario. Las operaciones previstas para&nbsp;realizar el tratamiento son:<\/p>\n\n\n\n<ul><li>Remisi\u00f3n de comunicaciones comerciales publicitarias por email, fax, SMS, MMS,&nbsp;comunidades sociales o cualquier otro medio electr\u00f3nico o f\u00edsico, presente o futuro, que&nbsp;posibilite realizar comunicaciones comerciales. Estas comunicaciones ser\u00e1n realizadas por&nbsp;el RESPONSABLE y relacionadas sobre sus productos y servicios, o de sus colaboradores o&nbsp;proveedores con los que \u00e9ste haya alcanzado alg\u00fan acuerdo de promoci\u00f3n. En este caso, los&nbsp;terceros nunca tendr\u00e1n acceso a los datos personales.<\/li><li>Realizar estudios estad\u00edsticos.<\/li><li>Tramitar encargos, solicitudes o cualquier tipo de petici\u00f3n que sea realizada por el usuario a&nbsp;trav\u00e9s de cualquiera de las formas de contacto que se ponen a su disposici\u00f3n.<\/li><li>Remitir el bolet\u00edn de noticias de la p\u00e1gina web.<\/li><\/ul>\n\n\n\n<p><strong>Base jur\u00eddica del tratamiento:<\/strong>&nbsp;consentimiento del interesado.<\/p>\n\n\n\n<p><strong>Criterios de conservaci\u00f3n de los datos:<\/strong>&nbsp;se conservar\u00e1n durante no m\u00e1s tiempo del necesario para&nbsp;mantener el fin del tratamiento y cuando ya no sea necesario para tal fin, se suprimir\u00e1n con medidas&nbsp;de seguridad adecuadas para garantizar la destrucci\u00f3n total de los&nbsp;mismos.<\/p>\n\n\n\n<p><strong>Comunicaci\u00f3n de los datos:<\/strong>&nbsp;No se comunicar\u00e1n los datos a terceros, salvo obligaci\u00f3n legal.<\/p>\n\n\n\n<p><strong>Derechos que asisten al Usuario:<\/strong><\/p>\n\n\n\n<p>Derecho a retirar el consentimiento en cualquier momento. Derecho de acceso, rectificaci\u00f3n, portabilidad y supresi\u00f3n de sus datos y a la limitaci\u00f3n u&nbsp;oposici\u00f3n al su tratamiento. <\/p>\n\n\n\n<p><strong>Datos de contacto para ejercer sus derechos:<\/strong><\/p>\n\n\n\n<p>CARPINTER\u00cdA CARLOS CAGIGAS, S.L. B\u00ba Otero, 230M NAVE 20 \u2013 39618 PONTEJOS (Cantabria). Email:&nbsp;info@carpinteriacarloscagigas.com<\/p>\n\n\n\n<p><strong>2. CAR\u00c1CTER OBLIGATORIO O&nbsp;FACULTATIVO DE LA INFORMACI\u00d3N FACILITADA POR EL&nbsp;<\/strong><strong>USUARIO<\/strong><\/p>\n\n\n\n<p>Los Usuarios, mediante la marcaci\u00f3n de las casillas correspondientes y entrada de datos en los&nbsp;campos, marcados con un asterisco (*) en el formulario de contacto o presentados en formularios de&nbsp;descarga, aceptan expresamente y de forma libre e inequ\u00edvoca, que sus datos son necesarios para&nbsp;atender su petici\u00f3n, por parte del prestador, siendo voluntaria la inclusi\u00f3n de datos en los campos&nbsp;restantes. El Usuario garantiza que los datos personales facilitados al RESPONSABLE son veraces y&nbsp;se hace responsable de comunicar cualquier modificaci\u00f3n de los mismos.<\/p>\n\n\n\n<p>El RESPONSABLE informa y garantiza expresamente a los usuarios que sus datos personales no&nbsp;ser\u00e1n cedidos en ning\u00fan caso a terceros, y que siempre que realizara alg\u00fan tipo de cesi\u00f3n de datos&nbsp;personales, se pedir\u00eda previamente el consentimiento expreso, informado e inequ\u00edvoco por parte de los&nbsp;Usuarios. Todos los datos solicitados a trav\u00e9s del sitio web son obligatorios, ya que son necesarios&nbsp;para la prestaci\u00f3n de un servicio \u00f3ptimo al Usuario. En caso de que no sean facilitados todos los datos,&nbsp;no se garantiza que la informaci\u00f3n y servicios facilitados sean completamente ajustados a sus&nbsp;necesidades.<\/p>\n\n\n\n<p><strong>3. MEDIDAS DE SEGURIDAD<\/strong><\/p>\n\n\n\n<p>Que de conformidad con lo dispuesto en las normativas vigentes en protecci\u00f3n de datos personales, el&nbsp;RESPONSABLE est\u00e1 cumpliendo con todas las disposiciones de las normativas GDPR para el&nbsp;tratamiento de los datos personales de su responsabilidad, y manifiestamente con los principios&nbsp;descritos en el art\u00edculo 5 del GDPR, por los cuales son tratados de manera l\u00edcita, leal y transparente en&nbsp;relaci\u00f3n con el interesado y adecuados, pertinentes y limitados a lo necesario en relaci\u00f3n con los fines&nbsp;para los que son tratados.<\/p>\n\n\n\n<p><\/p>\n","protected":false},"excerpt":{"rendered":"<p>Pol\u00edtica de privacidad 1. INFORMACI\u00d3N AL USUARIO CARPINTER\u00cdA CARLOS CAGIGAS, S.L, en adelante RESPONSABLE, es el Responsable del tratamiento&nbsp;de los datos personales del Usuario y le informa que estos datos ser\u00e1n tratados de conformidad con lo&nbsp;dispuesto en el Reglamento (UE) 2016\/679 de 27 de abril (GDPR) y la Ley Org\u00e1nica 3\/2018 de 5 de&nbsp;diciembre (LOPDGDD), [&hellip;]<\/p>\n","protected":false},"author":1,"featured_media":0,"parent":0,"menu_order":0,"comment_status":"closed","ping_status":"closed","template":"","meta":{"site-sidebar-layout":"default","site-content-layout":"default","ast-site-content-layout":"","site-content-style":"default","site-sidebar-style":"default","ast-global-header-display":"","ast-banner-title-visibility":"","ast-main-header-display":"","ast-hfb-above-header-display":"","ast-hfb-below-header-display":"","ast-hfb-mobile-header-display":"","site-post-title":"","ast-breadcrumbs-content":"","ast-featured-img":"","footer-sml-layout":"","theme-transparent-header-meta":"default","adv-header-id-meta":"","stick-header-meta":"","header-above-stick-meta":"","header-main-stick-meta":"","header-below-stick-meta":"","astra-migrate-meta-layouts":"default","ast-page-background-enabled":"default","ast-page-background-meta":{"desktop":{"background-color":"var(--ast-global-color-4)","background-image":"","background-repeat":"repeat","background-position":"center center","background-size":"auto","background-attachment":"scroll","background-type":"","background-media":"","overlay-type":"","overlay-color":"","overlay-gradient":""},"tablet":{"background-color":"","background-image":"","background-repeat":"repeat","background-position":"center center","background-size":"auto","background-attachment":"scroll","background-type":"","background-media":"","overlay-type":"","overlay-color":"","overlay-gradient":""},"mobile":{"background-color":"","background-image":"","background-repeat":"repeat","background-position":"center center","background-size":"auto","background-attachment":"scroll","background-type":"","background-media":"","overlay-type":"","overlay-color":"","overlay-gradient":""}},"ast-content-background-meta":{"desktop":{"background-color":"var(--ast-global-color-5)","background-image":"","background-repeat":"repeat","background-position":"center center","background-size":"auto","background-attachment":"scroll","background-type":"","background-media":"","overlay-type":"","overlay-color":"","overlay-gradient":""},"tablet":{"background-color":"var(--ast-global-color-5)","background-image":"","background-repeat":"repeat","background-position":"center center","background-size":"auto","background-attachment":"scroll","background-type":"","background-media":"","overlay-type":"","overlay-color":"","overlay-gradient":""},"mobile":{"background-color":"var(--ast-global-color-5)","background-image":"","background-repeat":"repeat","background-position":"center center","background-size":"auto","background-attachment":"scroll","background-type":"","background-media":"","overlay-type":"","overlay-color":"","overlay-gradient":""}},"footnotes":""},"yoast_head":"<!-- This site is optimized with the Yoast SEO plugin v22.0 - https:\/\/yoast.com\/wordpress\/plugins\/seo\/ -->\n<title>. &#187; CARPINTERIA CARLOS CAGIGAS, S.L.<\/title>\n<meta name=\"description\" content=\". CARPINTERIA CARLOS CAGIGAS, S.L. Carpinter\u00eda muebles\" \/>\n<meta name=\"robots\" content=\"index, follow, max-snippet:-1, max-image-preview:large, max-video-preview:-1\" \/>\n<link rel=\"canonical\" href=\"https:\/\/www.carpinteriacarloscagigas.com\/?page_id=3\" \/>\n<meta property=\"og:locale\" content=\"es_ES\" \/>\n<meta property=\"og:type\" content=\"article\" \/>\n<meta property=\"og:title\" content=\". &#187; CARPINTERIA CARLOS CAGIGAS, S.L.\" \/>\n<meta property=\"og:description\" content=\". CARPINTERIA CARLOS CAGIGAS, S.L. Carpinter\u00eda muebles\" \/>\n<meta property=\"og:url\" content=\"https:\/\/www.carpinteriacarloscagigas.com\/?page_id=3\" \/>\n<meta property=\"og:site_name\" content=\"CARPINTERIA CARLOS CAGIGAS, S.L.\" \/>\n<meta property=\"article:publisher\" content=\"https:\/\/www.facebook.com\/carpinteriacarloscagigas\/\" \/>\n<meta property=\"article:modified_time\" content=\"2020-05-14T18:58:47+00:00\" \/>\n<meta name=\"twitter:card\" content=\"summary_large_image\" \/>\n<meta name=\"twitter:label1\" content=\"Tiempo de lectura\" \/>\n\t<meta name=\"twitter:data1\" content=\"3 minutos\" \/>\n<script type=\"application\/ld+json\" class=\"yoast-schema-graph\">{\"@context\":\"https:\/\/schema.org\",\"@graph\":[{\"@type\":\"WebPage\",\"@id\":\"https:\/\/www.carpinteriacarloscagigas.com\/?page_id=3\",\"url\":\"https:\/\/www.carpinteriacarloscagigas.com\/?page_id=3\",\"name\":\". &#187; CARPINTERIA CARLOS CAGIGAS, S.L.\",\"isPartOf\":{\"@id\":\"http:\/\/www.carpinteriacarloscagigas.com\/#website\"},\"datePublished\":\"2020-04-27T10:47:00+00:00\",\"dateModified\":\"2020-05-14T18:58:47+00:00\",\"description\":\". CARPINTERIA CARLOS CAGIGAS, S.L. Carpinter\u00eda muebles\",\"breadcrumb\":{\"@id\":\"https:\/\/www.carpinteriacarloscagigas.com\/?page_id=3#breadcrumb\"},\"inLanguage\":\"es\",\"potentialAction\":[{\"@type\":\"ReadAction\",\"target\":[\"https:\/\/www.carpinteriacarloscagigas.com\/?page_id=3\"]}]},{\"@type\":\"BreadcrumbList\",\"@id\":\"https:\/\/www.carpinteriacarloscagigas.com\/?page_id=3#breadcrumb\",\"itemListElement\":[{\"@type\":\"ListItem\",\"position\":1,\"name\":\"Portada\",\"item\":\"http:\/\/www.carpinteriacarloscagigas.com\/\"},{\"@type\":\"ListItem\",\"position\":2,\"name\":\".\"}]},{\"@type\":\"WebSite\",\"@id\":\"http:\/\/www.carpinteriacarloscagigas.com\/#website\",\"url\":\"http:\/\/www.carpinteriacarloscagigas.com\/\",\"name\":\"CARPINTERIA CARLOS CAGIGAS, S.L.\",\"description\":\"Carpinter\u00eda en Cantabria Carlos Cagigas\",\"publisher\":{\"@id\":\"http:\/\/www.carpinteriacarloscagigas.com\/#organization\"},\"potentialAction\":[{\"@type\":\"SearchAction\",\"target\":{\"@type\":\"EntryPoint\",\"urlTemplate\":\"http:\/\/www.carpinteriacarloscagigas.com\/?s={search_term_string}\"},\"query-input\":\"required name=search_term_string\"}],\"inLanguage\":\"es\"},{\"@type\":\"Organization\",\"@id\":\"http:\/\/www.carpinteriacarloscagigas.com\/#organization\",\"name\":\"CARPINTER\u00cdA CARLOS CAGIGAS\",\"url\":\"http:\/\/www.carpinteriacarloscagigas.com\/\",\"logo\":{\"@type\":\"ImageObject\",\"inLanguage\":\"es\",\"@id\":\"http:\/\/www.carpinteriacarloscagigas.com\/#\/schema\/logo\/image\/\",\"url\":\"https:\/\/www.carpinteriacarloscagigas.com\/wp-content\/uploads\/2020\/04\/LOG-CARPINTERO-NEGRO.png\",\"contentUrl\":\"https:\/\/www.carpinteriacarloscagigas.com\/wp-content\/uploads\/2020\/04\/LOG-CARPINTERO-NEGRO.png\",\"width\":1162,\"height\":659,\"caption\":\"CARPINTER\u00cdA CARLOS CAGIGAS\"},\"image\":{\"@id\":\"http:\/\/www.carpinteriacarloscagigas.com\/#\/schema\/logo\/image\/\"},\"sameAs\":[\"https:\/\/www.facebook.com\/carpinteriacarloscagigas\/\"]}]}<\/script>\n<!-- \/ Yoast SEO plugin. -->","yoast_head_json":{"title":". &#187; CARPINTERIA CARLOS CAGIGAS, S.L.","description":". CARPINTERIA CARLOS CAGIGAS, S.L. Carpinter\u00eda muebles","robots":{"index":"index","follow":"follow","max-snippet":"max-snippet:-1","max-image-preview":"max-image-preview:large","max-video-preview":"max-video-preview:-1"},"canonical":"https:\/\/www.carpinteriacarloscagigas.com\/?page_id=3","og_locale":"es_ES","og_type":"article","og_title":". &#187; CARPINTERIA CARLOS CAGIGAS, S.L.","og_description":". CARPINTERIA CARLOS CAGIGAS, S.L. Carpinter\u00eda muebles","og_url":"https:\/\/www.carpinteriacarloscagigas.com\/?page_id=3","og_site_name":"CARPINTERIA CARLOS CAGIGAS, S.L.","article_publisher":"https:\/\/www.facebook.com\/carpinteriacarloscagigas\/","article_modified_time":"2020-05-14T18:58:47+00:00","twitter_card":"summary_large_image","twitter_misc":{"Tiempo de lectura":"3 minutos"},"schema":{"@context":"https:\/\/schema.org","@graph":[{"@type":"WebPage","@id":"https:\/\/www.carpinteriacarloscagigas.com\/?page_id=3","url":"https:\/\/www.carpinteriacarloscagigas.com\/?page_id=3","name":". &#187; CARPINTERIA CARLOS CAGIGAS, S.L.","isPartOf":{"@id":"http:\/\/www.carpinteriacarloscagigas.com\/#website"},"datePublished":"2020-04-27T10:47:00+00:00","dateModified":"2020-05-14T18:58:47+00:00","description":". CARPINTERIA CARLOS CAGIGAS, S.L. Carpinter\u00eda muebles","breadcrumb":{"@id":"https:\/\/www.carpinteriacarloscagigas.com\/?page_id=3#breadcrumb"},"inLanguage":"es","potentialAction":[{"@type":"ReadAction","target":["https:\/\/www.carpinteriacarloscagigas.com\/?page_id=3"]}]},{"@type":"BreadcrumbList","@id":"https:\/\/www.carpinteriacarloscagigas.com\/?page_id=3#breadcrumb","itemListElement":[{"@type":"ListItem","position":1,"name":"Portada","item":"http:\/\/www.carpinteriacarloscagigas.com\/"},{"@type":"ListItem","position":2,"name":"."}]},{"@type":"WebSite","@id":"http:\/\/www.carpinteriacarloscagigas.com\/#website","url":"http:\/\/www.carpinteriacarloscagigas.com\/","name":"CARPINTERIA CARLOS CAGIGAS, S.L.","description":"Carpinter\u00eda en Cantabria Carlos Cagigas","publisher":{"@id":"http:\/\/www.carpinteriacarloscagigas.com\/#organization"},"potentialAction":[{"@type":"SearchAction","target":{"@type":"EntryPoint","urlTemplate":"http:\/\/www.carpinteriacarloscagigas.com\/?s={search_term_string}"},"query-input":"required name=search_term_string"}],"inLanguage":"es"},{"@type":"Organization","@id":"http:\/\/www.carpinteriacarloscagigas.com\/#organization","name":"CARPINTER\u00cdA CARLOS CAGIGAS","url":"http:\/\/www.carpinteriacarloscagigas.com\/","logo":{"@type":"ImageObject","inLanguage":"es","@id":"http:\/\/www.carpinteriacarloscagigas.com\/#\/schema\/logo\/image\/","url":"https:\/\/www.carpinteriacarloscagigas.com\/wp-content\/uploads\/2020\/04\/LOG-CARPINTERO-NEGRO.png","contentUrl":"https:\/\/www.carpinteriacarloscagigas.com\/wp-content\/uploads\/2020\/04\/LOG-CARPINTERO-NEGRO.png","width":1162,"height":659,"caption":"CARPINTER\u00cdA CARLOS CAGIGAS"},"image":{"@id":"http:\/\/www.carpinteriacarloscagigas.com\/#\/schema\/logo\/image\/"},"sameAs":["https:\/\/www.facebook.com\/carpinteriacarloscagigas\/"]}]}},"_links":{"self":[{"href":"https:\/\/www.carpinteriacarloscagigas.com\/index.php?rest_route=\/wp\/v2\/pages\/3"}],"collection":[{"href":"https:\/\/www.carpinteriacarloscagigas.com\/index.php?rest_route=\/wp\/v2\/pages"}],"about":[{"href":"https:\/\/www.carpinteriacarloscagigas.com\/index.php?rest_route=\/wp\/v2\/types\/page"}],"author":[{"embeddable":true,"href":"https:\/\/www.carpinteriacarloscagigas.com\/index.php?rest_route=\/wp\/v2\/users\/1"}],"replies":[{"embeddable":true,"href":"https:\/\/www.carpinteriacarloscagigas.com\/index.php?rest_route=%2Fwp%2Fv2%2Fcomments&post=3"}],"version-history":[{"count":10,"href":"https:\/\/www.carpinteriacarloscagigas.com\/index.php?rest_route=\/wp\/v2\/pages\/3\/revisions"}],"predecessor-version":[{"id":925,"href":"https:\/\/www.carpinteriacarloscagigas.com\/index.php?rest_route=\/wp\/v2\/pages\/3\/revisions\/925"}],"wp:attachment":[{"href":"https:\/\/www.carpinteriacarloscagigas.com\/index.php?rest_route=%2Fwp%2Fv2%2Fmedia&parent=3"}],"curies":[{"name":"wp","href":"https:\/\/api.w.org\/{rel}","templated":true}]}}